 divide 218868320?
True
Is 67885560 a multiple of 372?
False
Is 35 a factor of 355772536?
False
Is 2701 a factor of 1553752951?
True
Does 55 divide 44044715?
True
Is 2675 a factor of 34732745?
False
Is 349056750 a multiple of 75?
True
Is 95026517 a multiple of 1610?
False
Is 956 a factor of 48621557?
False
Is 573 a factor of 279656290?
False
Does 154 divide 17157113?
False
Does 690 divide 15296972?
False
Is 21441822 a multiple of 11?
False
Is 1096139332 a multiple of 6?
False
Is 505 a factor of 1883040975?
False
Is 10 a factor of 22534952?
False
Is 26396610 a multiple of 10?
True
Is 1702842580 a multiple of 10?
True
Is 11353349 a multiple of 13?
False
Does 3 divide 1077225425?
False
Is 5 a factor of 85763943?
False
Is 258131912 a multiple of 62?
False
Does 71 divide 4385386?
True
Is 1203 a factor of 1620496726?
False
Is 14 a factor of 68456936?
False
Does 2603 divide 277771336?
True
Is 59236307 a multiple of 9?
False
Is 320277024 a multiple of 639?
True
Does 67 divide 426283012?
False
Does 369 divide 15985449?
True
Is 45222443 a multiple of 276?
False
Is 180 a factor of 70632720?
True
Is 66589920 a multiple of 36?
True
Is 5332176899 a multiple of 20?
False
Is 54 a factor of 2069010?
True
Is 6 a factor of 34992276?
True
Is 504561832 a multiple of 4017?
False
Does 2021 divide 24066068?
True
Is 3445 a factor of 269045861?
False
Is 223769000 a multiple of 728?
True
Is 56 a factor of 7125272?
True
Is 3525488 a multiple of 152?
True
Is 186 a factor of 65245452?
True
Is 171278639 a multiple of 266?
False
Is 171 a factor of 57142215?
True
Does 465 divide 17812755?
True
Does 5 divide 611050692?
False
Is 54 a factor of 28605101?
False
Is 481968169 a multiple of 35?
False
Is 83 a factor of 3219404?
True
Is 111939030 a multiple of 30?
True
Is 48741784 a multiple of 1886?
True
Does 839 divide 1119194272?
False
Does 1546 divide 25968787?
False
Does 404 divide 94208440?
False
Is 18767785 a multiple of 56?
False
Does 2 divide 57236498?
True
Is 12786745 a multiple of 355?
True
Is 2325152084 a multiple of 13?
False
Is 236 a factor of 98229100?
True
Is 100594494 a multiple of 99?
True
Is 154 a factor of 1143760272?
False
Does 284 divide 35481540?
True
Is 2227 a factor of 2153043557?
True
Does 25 divide 27973550?
True
Does 113 divide 115738216?
True
Is 756733900 a multiple of 260?
True
Is 852 a factor of 53737344?
True
Is 14 a factor of 51609121?
False
Does 23 divide 892598122?
True
Is 144 a factor of 758430718?
False
Is 60 a factor of 1694834659?
False
Does 1385 divide 6973245?
False
Does 5856 divide 261037056?
True
Is 203690430 a multiple of 255?
True
Is 26442835 a multiple of 22?
False
Is 829 a factor of 67145569?
False
Does 1771 divide 20823996?
False
Is 11 a factor of 913560054?
True
Does 21 divide 29754567?
False
Is 1674 a factor of 1205505990?
True
Does 3 divide 5129494?
False
Is 5089619 even?
False
Does 8 divide 2507575?
False
Does 20 divide 5142180?
True
Does 5 divide 3844398?
False
Is 6 a factor of 445780764?
True
Is 495425533 a multiple of 306?
False
Does 12 divide 23103360?
True
Does 11 divide 5848492902?
False
Is 533988875 a multiple of 3115?
True
Is 352 a factor of 65480311?
False
Is 9312822 a multiple of 369?
True
Is 8596 a factor of 874703172?
True
Does 1687 divide 9852080?
True
Is 271745961 a multiple of 3?
True
Does 69 divide 5770558?
False
Is 147 a factor of 566548290?
True
Is 4190393153 a multiple of 13?
False
Is 1201 a factor of 8283812?
False
Does 79 divide 11299528?
True
Is 28 a factor of 21331884?
True
Does 191 divide 79594666?
True
Is 193 a factor of 49111166?
True
Is 417 a factor of 1080308556?
True
Is 96 a factor of 1524776736?
True
Is 321 a factor of 47995599?
True
Does 110 divide 236056902?
False
Is 8 a factor of 1067187824?
True
Is 164 a factor of 60371378?
False
Is 55 a factor of 104075895?
True
Does 217 divide 56998054?
False
Is 170 a factor of 63211100?
True
Is 970598306 a multiple of 307?
True
Is 4 a factor of 6189044?
True
Does 2681 divide 383886549?
False
Does 4 divide 80399721?
False
Is 3606196560 a multiple of 8088?
True
Is 28916260 a multiple of 343?
False
Does 2159 divide 48106838?
True
Is 84950400 a multiple of 100?
True
Is 14 a factor of 107884085?
False
Is 135342593 a multiple of 34?
False
Is 251316166 a multiple of 4421?
True
Is 100 a factor of 314546400?
True
Is 14146652 a multiple of 10?
False
Is 697207 a multiple of 2?
False
Is 115 a factor of 209137969?
False
Is 5454780 a multiple of 32?
False
Does 83 divide 12397094?
False
Is 545 a factor of 26683745?
True
Does 130 divide 1808203540?
True
Is 14 a factor of 571557462?
True
Is 18 a factor of 102019104?
True
Is 30148968 a multiple of 191?
True
Does 8008 divide 1321920600?
True
Does 1713 divide 966132?
True
Is 1811180768 a multiple of 61?
True
Does 17 divide 1411258553?
True
Does 47 divide 371156340?
False
Does 2765 divide 28363370?
True
Does 34 divide 98996954?
False
Is 4158668094 a multiple of 21?
True
Is 213 a factor of 459636321?
True
Does 19 divide 184333416?
False
Is 129 a factor of 45685092?
True
Is 4 a factor of 10822604?
True
Is 334056890 a multiple of 2511?
False
Does 36 divide 10141811?
False
Is 29 a factor of 18526256?
False
Does 25 divide 58586544?
False
Is 10 a factor of 1797720?
True
Is 412707211 a multiple of 945?
False
Does 5595 divide 223111123?
False
Does 33 divide 39445362?
True
Is 33 a factor of 21541464?
False
Is 170398176 a multiple of 39?
True
Does 806 divide 252897116?
False
Does 537 divide 101585553?
False
Does 10 divide 6007470?
True
Is 645820 a multiple of 98?
True
Is 20452047 a multiple of 3311?
True
Is 638 a factor of 175768362?
True
Is 93 a factor of 2184250266?
True
Is 723 a factor of 6005961?
True
Is 37 a factor of 103762356?
True
Is 2 a factor of 1184523?
False
Is 23 a factor of 166952261?
False
Is 15498904 a multiple of 24?
False
Does 545 divide 76389472?
False
Is 115568259 a multiple of 10?
False
Is 116786142 a multiple of 99?
True
Is 21 a factor of 79222143?
True
Is 4686 a factor of 8148954?
True
Is 206 a factor of 20541496?
True
Does 125 divide 17310000?
True
Is 16 a factor of 1293122816?
True
Is 1789319677 a multiple of 197?
True
Is 1718488728 a multiple of 7656?
True
Is 295770008 a multiple of 248?
True
Is 38 a factor of 1272379802?
True
Is 543 a factor of 1803280955?
False
Does 13006 divide 783091260?
True
Is 18 a factor of 268913556?
True
Is 20 a factor of 173596860?
True
Does 249 divide 1707758?
False
Does 19 divide 3907178?
False
Is 15283660 a multiple of 1742?
False
Is 19 a factor of 17138190?
True
Does 55 divide 11509190?
True
Is 947 a factor of 10917016?
True
Does 6 divide 1731528?
True
Is 591 a factor of 168033711?
True
Is 1359113808 a multiple of 71?
True
Is 133695548 a multiple of 142?
False
Is 79488157 a multiple of 69?
False
Is 45 a factor of 309599149?
False
Is 93 a factor of 129551673?
False
Is 1399841395 a multiple of 89?
True
Does 160 divide 196982688?
False
Does 16 divide 1113309916?
False
Does 296 divide 115526136?
True
Does 57 divide 20960781?
True
Is 408 a factor of 319225320?
True
Is 234 a factor of 27449809?
False
Does 9 divide 51217731?
True
Is 6014443 a multiple of 21?
False
Is 74639748 a multiple of 6?
True
Is 3 a factor of 273725849?
False
Is 17 a factor of 42216321?
True
Does 1415 divide 969920826?
False
Does 1010 divide 70415212?
False
Is 79155702 a multiple of 2358?
True
Is 282629923 a multiple of 1044?
False
Is 73 a factor of 1091555509?
False
Is 1874576 a multiple of 176?
True
Is 699067757 a multiple of 9051?
False
Is 69609705 a multiple of 4177?
True
Is 98088134 a multiple of 718?
True
Does 1345 divide 72303165?
True
Is 71061000 a multiple of 3?
True
Does 39 divide 27918553?
False
Is 4 a factor of 3195960?
True
Does 277 divide 294127464?
True
Is 45 a factor of 456985395?
True
Does 84 divide 2599771?
False
Does 15 divide 1050026?
False
Does 72 divide 27506160?
True
Is 23 a factor of 74119938?
True
Is 62 a factor of 137774602?
True
Is 68 a factor of 524287487?
False
Is 14 a factor of 19506765?
False
Is 1668627713 a multiple of 23?
True
Is 205 a factor of 58567470?
False
Is 30860362 a multiple of 621?
False
Is 140 a factor of 2349061156?
False
Does 31 divide 8053800?
True
Does 72 divide 1896149232?
True
Does 23 divide 51521701?
False
Does 50 divide 149167693?
False
Does 479 divide 20370823?
False